 (base 9) in base 6?
-4440
What is -79a4 (base 14) in base 16?
-527c
Convert 624 (base 14) to base 11.
9a9
What is -3988 (base 10) in base 12?
-2384
What is 8a9 (base 14) in base 9?
2317
Convert 257 (base 14) to base 8.
725
What is -260661 (base 7) in base 14?
-138a1
-302 (base 13) to base 3
-200212
What is -510 (base 15) in base 2?
-10001110100
340 (base 10) to base 11
28a
-7bd (base 16) to base 8
-3675
What is -31020 (base 4) in base 15?
-3b0
What is -47561 (base 9) in base 5?
-2004212
23545 (base 7) to base 11
4654
Convert -322 (base 5) to base 13.
-69
Convert -100001110110 (base 2) to base 14.
-b0a
Convert -15615 (base 9) to base 7.
-43133
What is -74761 (base 8) in base 7?
-160004
-10111 (base 2) to base 7
-32
Convert bc (base 15) to base 16.
b1
Convert 110 (base 4) to base 16.
14
Convert -110000001000 (base 2) to base 8.
-6010
Convert 10010011101110100 (base 2) to base 11.
51910
-745 (base 16) to base 15
-841
What is 22223 (base 6) in base 12?
1973
-1bac5 (base 13) to base 7
-315060
What is c6cf (base 16) in base 13?
1a220
-1060 (base 7) to base 13
-238
Convert -11212102 (base 3) to base 7.
-13226
What is -460 (base 13) in base 4?
-23302
What is -975 (base 10) in base 5?
-12400
What is 11101000010001 (base 2) in base 15?
4610
What is -740 (base 12) in base 5?
-13211
-8977 (base 13) to base 10
-19195
2120 (base 4) to base 13
b9
673 (base 13) to base 10
1108
Convert -5122 (base 14) to base 7.
-55442
-2c8 (base 14) to base 6
-2344
What is -1929 (base 12) in base 3?
-11012020
1150 (base 8) to base 3
211211
Convert -43 (base 13) to base 11.
-50
Convert -202112 (base 3) to base 4.
-20222
Convert 67ea (base 15) to base 9.
33214
Convert -5c (base 13) to base 11.
-70
What is -312055 (base 6) in base 7?
-133103
6c61 (base 14) to base 16
49d5
What is -1163 (base 8) in base 16?
-273
-1111001000110001 (base 2) to base 8
-171061
What is 2112020 (base 3) in base 11?
1425
What is -213241 (base 5) in base 11?
-5556
What is 1556 (base 7) in base 6?
2525
446 (base 13) to base 5
10414
-11133 (base 4) to base 14
-1b1
Convert -1221 (base 5) to base 11.
-15a
-22d (base 15) to base 3
-200021
What is -981b (base 12) in base 5?
-1013402
2012100201 (base 3) to base 11
2a56a
What is -103004 (base 5) in base 12?
-2040
What is e4bf (base 16) in base 3?
2222022212
What is -645 (base 7) in base 6?
-1303
What is 220122 (base 3) in base 13?
3c2
What is -333213 (base 4) in base 7?
-14604
2a02 (base 15) to base 6
105402
What is -469 (base 16) in base 9?
-1484
What is -122301 (base 4) in base 15?
-793
Convert 12101 (base 4) to base 13.
24b
Convert 45c (base 13) to base 12.
529
Convert 11ce (base 16) to base 6.
33034
What is -10000030 (base 4) in base 6?
-203524
What is 812 (base 11) in base 4?
33111
What is 221013 (base 4) in base 12?
1633
Convert -13135 (base 9) to base 13.
-4058
Convert -1211200022 (base 3) to base 2.
-1000110101110111
-30c (base 16) to base 12
-550
What is -2487 (base 9) in base 13?
-b02
-10730 (base 8) to base 10
-4568
-1118 (base 10) to base 11
-927
-3462 (base 13) to base 2
-1110010110011
Convert -3550 (base 11) to base 3.
-20101100
1100001 (base 2) to base 14
6d
Convert -1011020022 (base 3) to base 2.
-101100011110001
Convert -7a4 (base 12) to base 3.
-1112221
What is 180 (base 11) in base 16?
d1
-1566 (base 7) to base 14
-336
43215 (base 8) to base 13
82b4
Convert 659 (base 10) to base 13.
3b9
What is -4b9c (base 14) in base 3?
-200012111
What is -12231231 (base 4) in base 10?
-27501
-4475 (base 14) to base 2
-10111001010111
-5154 (base 7) to base 13
-a89
What is 6026 (base 11) in base 12?
477a
What is -65d5 (base 16) in base 8?
-62725
What is -640 (base 10) in base 13?
-3a3
What is -5f86 (base 16) in base 3?
-1020112201
-111110010 (base 2) to base 8
-762
-652 (base 9) to base 12
-385
What is 7b7 (base 15) in base 13?
a45
Convert 148b (base 14) to base 7.
13434
What is -ab30 (base 12) in base 16?
-49d4
-544 (base 13) to base 11
-74a
-3645 (base 12) to base 15
-1c1b
221110 (base 3) to base 15
30c
-25157 (base 9) to base 8
-41004
-91 (base 11) to base 10
-100
What is 3558 (base 10) in base 15?
10c3
What is 285d (base 14) in base 8?
15743
Convert -100011011 (base 2) to base 16.
-11b
Convert 11100111110 (base 2) to base 13.
ac8
What is 1412244 (base 5) in base 13?
10306
What is 3fb (base 16) in base 7?
2654
What is -2361 (base 8) in base 14?
-665
-4497 (base 10) to base 6
-32453
Convert 821 (base 15) to base 3.
2111211
Convert -107888 (base 9) to base 12.
-31668
-1002202 (base 4) to base 5
-114013
What is 10100010001100110 (base 2) in base 3?
11012220210
Convert 44031 (base 6) to base 11.
4616
Convert 15120 (base 7) to base 2.
1000001010011
202150 (base 7) to base 13
1285c
Convert 1100143 (base 5) to base 3.
221210020
What is -30334 (base 5) in base 2?
-11110110001
1111011101001100 (base 2) to base 9
105752
1210112001 (base 3) to base 5
2112441
What is 80a (base 16) in base 12?
1236
-350 (base 10) to base 14
-1b0
What is -2111212 (base 3) in base 6?
-12252
-65465 (base 8) to base 16
-6b35
What is -22044 (base 5) in base 10?
-1524
305 (base 6) to base 5
423
-42182 (base 10) to base 3
-2010212022
Convert 102a (base 13) to base 2.
100010111001
Convert 11130 (base 5) to base 7.
2206
Convert 3b91 (base 16) to base 3.
202220210
Convert -129a9 (base 12) to base 14.
-949b
What is -179 (base 12) in base 15?
-10c
What is -21 (base 3) in base 4?
-13
Convert 13dc (base 16) to base 4.
1033130
-d50 (base 15) to base 12
-18a0
Convert 106804 (base 9) to base 16.
fa4b
What is -23c (base 14) in base 9?
-545
120001 (base 5) to base 14
1848
What is -368 (base 14) in base 9?
-835
50093 (base 10) to base 9
75638
What is -1dd (base 15) in base 13?
-274
What is -2122 (base 6) in base 14?
-266
Convert -123002 (base 5) to base 11.
-3630
-1020300 (base 5) to base 16
-4236
Convert -103 (base 4) to base 6.
-31
Convert -b (base 14) to base 3.
-102
-30504 (base 6) to base 4
-333220
Convert 3836 (base 11) to base 6.
35052
Convert -11100000011 (base 2) to base 13.
-a81
What is 1331212 (base 4) in base 15?
25ad
What is -6217 (base 10) in base 5?
-144332
What is -a6 (base 11) in base 9?
-138
What is -34080 (base 9) in base 16?
-588f
What is 33532 (base 6) in base 4?
1022000
12a3 (base 13) to base 12
1664
Convert 4422 (base 5) to base 7.
1533
Convert 476 (base 13) to base 14.
3d3
Convert 20201 (base 3) to base 7.
346
What is 5442 (base 6) in base 2?
10011100010
-28150 (base 9) to base 13
-88b9
Convert 2123 (base 7) to base 5.
11002
2245 (base 7) to base 13
4ab
What is -2100 (base 6) in base 4?
-13110
What is -959 (base 16) in base 6?
-15025
Convert 179 (base 16) to base 14.
1cd
Convert 333 (base 10) to base 4.
11031
-1002021 (base 3) to base 2
-1100010110
Convert 3cea (base 15) to base 4.
3023311
Convert 3a65 (base 12) to base 16.
1a2d
-290 (base 10) to base 2
-100100010
1111 (base 11) to base 7
4161
Convert -158 (base 9) to base 2.
-10000110
43692 (base 12) to base 8
256016
292 (base 11) to base 15
17d
Convert a7c (base 15) to base 5.
33432
Convert 10114 (base 8) to base 7.
15110
Convert 2883 (base 13) to base 12.
3479
What is -18051 (base 10) in base 8?
-43203
Convert -13014 (base 6) to base 7.
-5461
What is 1221 (base 5) in base 12?
136
What is 32 (base 16) in base 14?
38
What is 22221 (base 3) in base 14?
133
61532 (base 8) to base 9
37800
-7632 (base 13) to base 8
-40062
-3122 (base 11) to base 5
-113023
What is 9 (base 11) in base 8?
11
What is 14074 (base 8) in base 13?
2a93
829 (base 13) to base 6
10231
Convert 20b (base 12) to base 8.
453
What is 107362 (base 8) in base 14?
d49c
Convert -111110011001 (base 2) to base 13.
-1a82
16146 (base 7) to base 5
121132
Convert 535532 (base 6) to base 5.
2402143
Convert -3768 (base 12) to base 16.
-1880
What is 454324 (base 6) in base 8?
113254
-1001110000 (base 2) to base 3
-212010
Convert 3022222 (base 4) to base 5.
403340
830 (base 11) to base 13
5c0
Convert 5 (base 10) to base 12.
5
Convert 6362 (base 7) to base 15.
9ee
What is -144 (base 7) in base 6?
-213
-11c (base 16) to base 12
-1b8
What is 1300 (base 12) in base 6?
14000
Convert 2101010111 (base 3) to base 2.
1011011010011110
What is -383 (base 14) in base 6?
-3131
11443 (base 8) to base 14
1add
Convert a057 (base 15) to base 10.
33832
What is -1211 (base 8) in base 6?
-3001
C